ts digit of 596?
6
What is the tens digit of 239?
3
What is the ten thousands digit of 48079?
4
What is the units digit of 74928?
8
What is the thousands digit of 17728?
7
What is the units digit of 4915?
5
What is the ten thousands digit of 17484?
1
What is the tens digit of 5441?
4
What is the units digit of 1011?
1
What is the hundreds digit of 5907?
9
What is the hundreds digit of 31209?
2
What is the tens digit of 871?
7
What is the hundreds digit of 9798?
7
What is the tens digit of 3232?
3
What is the thousands digit of 24780?
4
What is the hundreds digit of 343?
3
What is the hundreds digit of 920?
9
What is the units digit of 131028?
8
What is the units digit of 21014?
4
What is the thousands digit of 4289?
4
What is the tens digit of 113831?
3
What is the tens digit of 5705?
0
What is the hundreds digit of 11990?
9
What is the thousands digit of 43069?
3
What is the hundreds digit of 5166?
1
What is the thousands digit of 5800?
5
What is the units digit of 14537?
7
What is the ten thousands digit of 20130?
2
What is the hundreds digit of 73774?
7
What is the hundreds digit of 730?
7
What is the units digit of 10487?
7
What is the units digit of 46633?
3
What is the tens digit of 75763?
6
What is the tens digit of 111?
1
What is the thousands digit of 6672?
6
What is the tens digit of 163?
6
What is the thousands digit of 61838?
1
What is the thousands digit of 25809?
5
What is the tens digit of 12136?
3
What is the units digit of 144?
4
What is the thousands digit of 7933?
7
What is the thousands digit of 1738?
1
What is the units digit of 1015?
5
What is the tens digit of 2712?
1
What is the tens digit of 2903?
0
What is the ten thousands digit of 50522?
5
What is the tens digit of 11721?
2
What is the tens digit of 2279?
7
What is the hundreds digit of 7368?
3
What is the tens digit of 3103?
0
What is the hundreds digit of 933?
9
What is the hundreds digit of 1434?
4
What is the tens digit of 27087?
8
What is the tens digit of 530?
3
What is the tens digit of 1497?
9
What is the thousands digit of 76387?
6
What is the tens digit of 1409?
0
What is the tens digit of 742?
4
What is the tens digit of 3741?
4
What is the thousands digit of 2825?
2
What is the thousands digit of 3077?
3
What is the ten thousands digit of 14240?
1
What is the thousands digit of 45599?
5
What is the tens digit of 1788?
8
What is the units digit of 948?
8
What is the units digit of 109678?
8
What is the tens digit of 1314?
1
What is the hundreds digit of 59222?
2
What is the tens digit of 2567?
6
What is the tens digit of 15940?
4
What is the thousands digit of 1257?
1
What is the units digit of 7?
7
What is the thousands digit of 23291?
3
What is the units digit of 541?
1
What is the hundreds digit of 7563?
5
What is the units digit of 136959?
9
What is the hundreds digit of 1505?
5
What is the hundreds digit of 2108?
1
What is the units digit of 20974?
4
What is the hundreds digit of 1173?
1
What is the hundreds digit of 184?
1
What is the hundreds digit of 7593?
5
What is the hundreds digit of 3315?
3
What is the tens digit of 9766?
6
What is the hundreds digit of 112?
1
What is the units digit of 53?
3
What is the units digit of 2840?
0
What is the hundred thousands digit of 105504?
1
What is the units digit of 1939?
9
What is the hundreds digit of 37931?
9
What is the hundreds digit of 1382?
3
What is the hundreds digit of 2552?
5
What is the units digit of 6996?
6
What is the tens digit of 25834?
3
What is the hundreds digit of 1096?
0
What is the hundreds digit of 2445?
4
What is the hundreds digit of 6288?
2
What is the thousands digit of 10185?
0
What is the hundreds digit of 908?
9
What is the tens digit of 1286?
8
What is the thousands digit of 17939?
7
What is the hundreds digit of 720?
7
What is the hundreds digit of 25029?
0
What is the units digit of 246?
6
What is the thousands digit of 73121?
3
What is the thousands digit of 156963?
6
What is the units digit of 238?
8
What is the tens digit of 123?
2
What is the tens digit of 177474?
7
What is the thousands digit of 96620?
6
What is the ten thousands digit of 131354?
3
What is the ten thousands digit of 21135?
2
What is the units digit of 6?
6
What is the units digit of 71611?
1
What is the tens digit of 54549?
4
What is the ten thousands digit of 42797?
4
What is the units digit of 3622?
2
What is the thousands digit of 34859?
4
What is the thousands digit of 2369?
2
What is the ten thousands digit of 15674?
1
What is the ten thousands digit of 11973?
1
What is the thousands digit of 25250?
5
What is the units digit of 6293?
3
What is the units digit of 88?
8
What is the thousands digit of 7096?
7
What is the units digit of 5049?
9
What is the ten thousands digit of 16031?
1
What is the hundreds digit of 237?
2
What is the hundreds digit of 12525?
5
What is the hundreds digit of 4987?
9
What is the units digit of 40794?
4
What is the hundreds digit of 120344?
3
What is the tens digit of 330?
3
What is the thousands digit of 11216?
1
What is the thousands digit of 1747?
1
What is the tens digit of 838?
3
What is the hundreds digit of 20317?
3
What is the thousands digit of 2111?
2
What is the units digit of 1821?
1
What is the thousands digit of 4800?
4
What is the hundreds digit of 2793?
7
What is the hundreds digit of 47543?
5
What is the units digit of 14824?
4
What is the tens digit of 6896?
9
What is the tens digit of 3793?
9
What is the tens digit of 22011?
1
What is the units digit of 1773?
3
What is the tens digit of 136847?
4
What is the tens digit of 79461?
6
What is the thousands digit of 98599?
8
What is the hundreds digit of 487?
4
What is the units digit of 2311?
1
What is the ten thousands digit of 40027?
4
What is the units digit of 2187?
7
What is the units digit of 8373?
3
What is the hundreds digit of 1311?
3
What is the units digit of 34697?
7
What is the thousands digit of 36060?
6
What is the tens digit of 984?
8
What is the tens digit of 20749?
4
What is the thousands digit of 3455?
3
What is the ten thousands digit of 90867?
9
What is the hundreds digit of 17491?
4
What is the thousands digit of 45043?
5
What is the thousands digit of 7180?
7
What is the thousands digit of 4224?
4
What is the thousands digit of 28517?
8
What is the units digit of 115949?
9
What is the ten thousands digit of 35846?
3
What is the tens digit of 1902?
0
What is the tens digit of 526?
2
What is the tens digit of 4562?
6
What is the thousands digit of 2048?
2
What is the tens digit of 77692?
9
What is the thousands digit of 28585?
8
What is the hundreds digit of 11816?
8
What is the units digit of 6642?
2
What is the hundreds digit of 10377?
3
What is the tens digit of 1475?
7
What is the tens digit of 79854?
5
What is the thousands digit of 1748?
1
What is the hundreds digit of 259?
2
What is the hundreds digit of 15885?
8
What is the units digit of 3292?
2
What is the tens digit of 1194?
9
What is the ten thousands digit of 18902?
1
What is the units digit of 3276?
6
What is the hundreds digit of 37373?
3
What is the hundreds digit of 15528?
5
What is the units digit of 9257?
7
What is the units digit of 16847?
7
What is the units digit of 7646?
6
What is the hundreds digit of 147?
1
What is the units digit of 3394?
4
What is the hundreds digit of 40196?
1
What is the units digit of 42940?
0
What is the units digit of 2034?
4
What is the units digit of 4548?
8
What is the hundreds digit of 551?
5
What is the units digit of 9528?
8
What is the hundreds digit of 125531?
5
What is the tens digit of 34742?
4
What is the hundreds digit of 55990?
9
What is the thousands digit of 2358?
2
What is the hundreds digit of 128?
1
What is the units digit of 2382?
2
What is the tens digit of 45462?
6
What is the units digit of 262?
2
What is the tens digit of 8063?
6
What is the thousands digit of 3114?
3
What is the thousands digit of 3884?
3
What is the tens digit of 39620?
2
What is the thousands digit of 1002?
1
What is the units digit of 38169?
9
What is the tens digit of 2626?
2
What is the thousands digit of 8107?
8
What is the hundreds digit of 21804?
8
What is the thousands digit of 1170?
1
What is the units digit of 4726?
6
What is the tens digit of 14314?
1
What is the ten thousands di